{"id":4758,"date":"2025-06-30T13:27:30","date_gmt":"2025-06-30T16:27:30","guid":{"rendered":"https:\/\/espaciomacedo.com\/?post_type=product&#038;p=4758"},"modified":"2026-03-03T10:01:13","modified_gmt":"2026-03-03T13:01:13","slug":"sweater-polo-andino-nieve","status":"publish","type":"product","link":"https:\/\/espaciomacedo.com\/en\/product\/sweater-polo-andino-nieve\/","title":{"rendered":"Polo Andino Nieve"},"content":{"rendered":"<h2>Sweater de Lana de Llama: Calidez Ancestral, Dise\u00f1o Actual<\/h2>\n<p>Envolv\u00e9te en la historia y la suavidad de nuestro su\u00e9ter de pura <b>lana de llama<\/b>, una fibra noble proveniente de los majestuosos Andes. Cada pieza es el resultado de la destreza y pasi\u00f3n de <b>tejedoras andinas<\/b>, quienes, con sus manos expertas, transforman un legado ancestral en una prenda contempor\u00e1nea.<\/p>\n<p>Este su\u00e9ter no es solo abrigo; es un <b>dise\u00f1o \u00fanico<\/b> que lleva consigo la autenticidad de sus or\u00edgenes y el profundo respeto por la naturaleza. Al elegirlo, est\u00e1s <b>sosteniendo un oficio<\/b> centenario y contribuyendo directamente al bienestar de las comunidades que mantienen viva esta hermosa tradici\u00f3n artesanal. M\u00e1s que una prenda, es un abrazo consciente de los Andes para vos.<\/p>","protected":false},"excerpt":{"rendered":"<p>Sweater de Lana de Llama: Calidez Ancestral, Dise\u00f1o Actual Envolv\u00e9te en la historia y la suavidad de nuestro su\u00e9ter de pura lana de llama, una fibra noble proveniente de los majestuosos Andes. Cada pieza es el resultado de la destreza y pasi\u00f3n de tejedoras andinas, quienes, con sus manos expertas, transforman un legado ancestral en [&hellip;]<\/p>\n","protected":false},"featured_media":4749,"comment_status":"closed","ping_status":"closed","template":"","meta":[],"product_brand":[],"product_cat":[26,24],"product_tag":[],"class_list":{"0":"post-4758","1":"product","2":"type-product","3":"status-publish","4":"has-post-thumbnail","6":"product_cat-lana","7":"product_cat-todos","9":"first","10":"outofstock","11":"taxable","12":"shipping-taxable","13":"purchasable","14":"product-type-simple"},"yoast_head":"<!-- This site is optimized with the Yoast SEO plugin v27.5 - https:\/\/yoast.com\/product\/yoast-seo-wordpress\/ -->\n<title>Polo Andino Nieve - Espacio Macedo<\/title>\n<meta name=\"robots\" content=\"index, follow, max-snippet:-1, max-image-preview:large, max-video-preview:-1\" \/>\n<link rel=\"canonical\" href=\"https:\/\/espaciomacedo.com\/en\/product\/sweater-polo-andino-nieve\/\" \/>\n<meta property=\"og:locale\" content=\"en_US\" \/>\n<meta property=\"og:type\" content=\"article\" \/>\n<meta property=\"og:title\" content=\"Polo Andino Nieve - Espacio Macedo\" \/>\n<meta property=\"og:description\" content=\"Sweater de Lana de Llama: Calidez Ancestral, Dise\u00f1o Actual Envolv\u00e9te en la historia y la suavidad de nuestro su\u00e9ter de pura lana de llama, una fibra noble proveniente de los majestuosos Andes. Cada pieza es el resultado de la destreza y pasi\u00f3n de tejedoras andinas, quienes, con sus manos expertas, transforman un legado ancestral en [&hellip;]\" \/>\n<meta property=\"og:url\" content=\"https:\/\/espaciomacedo.com\/en\/product\/sweater-polo-andino-nieve\/\" \/>\n<meta property=\"og:site_name\" content=\"Espacio Macedo\" \/>\n<meta property=\"article:publisher\" content=\"https:\/\/www.facebook.com\/espaciomacedo\/\" \/>\n<meta property=\"article:modified_time\" content=\"2026-03-03T13:01:13+00:00\" \/>\n<meta property=\"og:image\" content=\"https:\/\/espaciomacedo.com\/wp-content\/uploads\/2025\/06\/IMG_0819.jpeg\" \/>\n\t<meta property=\"og:image:width\" content=\"1080\" \/>\n\t<meta property=\"og:image:height\" content=\"1440\" \/>\n\t<meta property=\"og:image:type\" content=\"image\/jpeg\" \/>\n<meta name=\"twitter:card\" content=\"summary_large_image\" \/>\n<script type=\"application\/ld+json\" class=\"yoast-schema-graph\">{\"@context\":\"https:\\\/\\\/schema.org\",\"@graph\":[{\"@type\":\"WebPage\",\"@id\":\"https:\\\/\\\/espaciomacedo.com\\\/producto\\\/sweater-polo-andino-nieve\\\/\",\"url\":\"https:\\\/\\\/espaciomacedo.com\\\/producto\\\/sweater-polo-andino-nieve\\\/\",\"name\":\"Polo Andino Nieve - Espacio Macedo\",\"isPartOf\":{\"@id\":\"https:\\\/\\\/espaciomacedo.com\\\/#website\"},\"primaryImageOfPage\":{\"@id\":\"https:\\\/\\\/espaciomacedo.com\\\/producto\\\/sweater-polo-andino-nieve\\\/#primaryimage\"},\"image\":{\"@id\":\"https:\\\/\\\/espaciomacedo.com\\\/producto\\\/sweater-polo-andino-nieve\\\/#primaryimage\"},\"thumbnailUrl\":\"https:\\\/\\\/espaciomacedo.com\\\/wp-content\\\/uploads\\\/2025\\\/06\\\/IMG_0819.jpeg\",\"datePublished\":\"2025-06-30T16:27:30+00:00\",\"dateModified\":\"2026-03-03T13:01:13+00:00\",\"breadcrumb\":{\"@id\":\"https:\\\/\\\/espaciomacedo.com\\\/producto\\\/sweater-polo-andino-nieve\\\/#breadcrumb\"},\"inLanguage\":\"en-US\",\"potentialAction\":[{\"@type\":\"ReadAction\",\"target\":[\"https:\\\/\\\/espaciomacedo.com\\\/producto\\\/sweater-polo-andino-nieve\\\/\"]}]},{\"@type\":\"ImageObject\",\"inLanguage\":\"en-US\",\"@id\":\"https:\\\/\\\/espaciomacedo.com\\\/producto\\\/sweater-polo-andino-nieve\\\/#primaryimage\",\"url\":\"https:\\\/\\\/espaciomacedo.com\\\/wp-content\\\/uploads\\\/2025\\\/06\\\/IMG_0819.jpeg\",\"contentUrl\":\"https:\\\/\\\/espaciomacedo.com\\\/wp-content\\\/uploads\\\/2025\\\/06\\\/IMG_0819.jpeg\",\"width\":1080,\"height\":1440},{\"@type\":\"BreadcrumbList\",\"@id\":\"https:\\\/\\\/espaciomacedo.com\\\/producto\\\/sweater-polo-andino-nieve\\\/#breadcrumb\",\"itemListElement\":[{\"@type\":\"ListItem\",\"position\":1,\"name\":\"Portada\",\"item\":\"https:\\\/\\\/espaciomacedo.com\\\/\"},{\"@type\":\"ListItem\",\"position\":2,\"name\":\"Tienda\",\"item\":\"https:\\\/\\\/espaciomacedo.com\\\/tienda\\\/\"},{\"@type\":\"ListItem\",\"position\":3,\"name\":\"Polo Andino Nieve\"}]},{\"@type\":\"WebSite\",\"@id\":\"https:\\\/\\\/espaciomacedo.com\\\/#website\",\"url\":\"https:\\\/\\\/espaciomacedo.com\\\/\",\"name\":\"Espacio Macedo\",\"description\":\"Indumentaria Artesanal Femenina\",\"publisher\":{\"@id\":\"https:\\\/\\\/espaciomacedo.com\\\/#organization\"},\"potentialAction\":[{\"@type\":\"SearchAction\",\"target\":{\"@type\":\"EntryPoint\",\"urlTemplate\":\"https:\\\/\\\/espaciomacedo.com\\\/?s={search_term_string}\"},\"query-input\":{\"@type\":\"PropertyValueSpecification\",\"valueRequired\":true,\"valueName\":\"search_term_string\"}}],\"inLanguage\":\"en-US\"},{\"@type\":\"Organization\",\"@id\":\"https:\\\/\\\/espaciomacedo.com\\\/#organization\",\"name\":\"Espacio Macedo\",\"url\":\"https:\\\/\\\/espaciomacedo.com\\\/\",\"logo\":{\"@type\":\"ImageObject\",\"inLanguage\":\"en-US\",\"@id\":\"https:\\\/\\\/espaciomacedo.com\\\/#\\\/schema\\\/logo\\\/image\\\/\",\"url\":\"https:\\\/\\\/espaciomacedo.com\\\/wp-content\\\/uploads\\\/2024\\\/01\\\/logo-espaciomacedo-02.webp\",\"contentUrl\":\"https:\\\/\\\/espaciomacedo.com\\\/wp-content\\\/uploads\\\/2024\\\/01\\\/logo-espaciomacedo-02.webp\",\"width\":696,\"height\":696,\"caption\":\"Espacio Macedo\"},\"image\":{\"@id\":\"https:\\\/\\\/espaciomacedo.com\\\/#\\\/schema\\\/logo\\\/image\\\/\"},\"sameAs\":[\"https:\\\/\\\/www.facebook.com\\\/espaciomacedo\\\/\",\"https:\\\/\\\/www.instagram.com\\\/espacio_macedo\\\/\"]}]}<\/script>\n<!-- \/ Yoast SEO plugin. -->","yoast_head_json":{"title":"Polo Andino Nieve - Espacio Macedo","robots":{"index":"index","follow":"follow","max-snippet":"max-snippet:-1","max-image-preview":"max-image-preview:large","max-video-preview":"max-video-preview:-1"},"canonical":"https:\/\/espaciomacedo.com\/en\/product\/sweater-polo-andino-nieve\/","og_locale":"en_US","og_type":"article","og_title":"Polo Andino Nieve - Espacio Macedo","og_description":"Sweater de Lana de Llama: Calidez Ancestral, Dise\u00f1o Actual Envolv\u00e9te en la historia y la suavidad de nuestro su\u00e9ter de pura lana de llama, una fibra noble proveniente de los majestuosos Andes. Cada pieza es el resultado de la destreza y pasi\u00f3n de tejedoras andinas, quienes, con sus manos expertas, transforman un legado ancestral en [&hellip;]","og_url":"https:\/\/espaciomacedo.com\/en\/product\/sweater-polo-andino-nieve\/","og_site_name":"Espacio Macedo","article_publisher":"https:\/\/www.facebook.com\/espaciomacedo\/","article_modified_time":"2026-03-03T13:01:13+00:00","og_image":[{"width":1080,"height":1440,"url":"https:\/\/espaciomacedo.com\/wp-content\/uploads\/2025\/06\/IMG_0819.jpeg","type":"image\/jpeg"}],"twitter_card":"summary_large_image","schema":{"@context":"https:\/\/schema.org","@graph":[{"@type":"WebPage","@id":"https:\/\/espaciomacedo.com\/producto\/sweater-polo-andino-nieve\/","url":"https:\/\/espaciomacedo.com\/producto\/sweater-polo-andino-nieve\/","name":"Polo Andino Nieve - Espacio Macedo","isPartOf":{"@id":"https:\/\/espaciomacedo.com\/#website"},"primaryImageOfPage":{"@id":"https:\/\/espaciomacedo.com\/producto\/sweater-polo-andino-nieve\/#primaryimage"},"image":{"@id":"https:\/\/espaciomacedo.com\/producto\/sweater-polo-andino-nieve\/#primaryimage"},"thumbnailUrl":"https:\/\/espaciomacedo.com\/wp-content\/uploads\/2025\/06\/IMG_0819.jpeg","datePublished":"2025-06-30T16:27:30+00:00","dateModified":"2026-03-03T13:01:13+00:00","breadcrumb":{"@id":"https:\/\/espaciomacedo.com\/producto\/sweater-polo-andino-nieve\/#breadcrumb"},"inLanguage":"en-US","potentialAction":[{"@type":"ReadAction","target":["https:\/\/espaciomacedo.com\/producto\/sweater-polo-andino-nieve\/"]}]},{"@type":"ImageObject","inLanguage":"en-US","@id":"https:\/\/espaciomacedo.com\/producto\/sweater-polo-andino-nieve\/#primaryimage","url":"https:\/\/espaciomacedo.com\/wp-content\/uploads\/2025\/06\/IMG_0819.jpeg","contentUrl":"https:\/\/espaciomacedo.com\/wp-content\/uploads\/2025\/06\/IMG_0819.jpeg","width":1080,"height":1440},{"@type":"BreadcrumbList","@id":"https:\/\/espaciomacedo.com\/producto\/sweater-polo-andino-nieve\/#breadcrumb","itemListElement":[{"@type":"ListItem","position":1,"name":"Portada","item":"https:\/\/espaciomacedo.com\/"},{"@type":"ListItem","position":2,"name":"Tienda","item":"https:\/\/espaciomacedo.com\/tienda\/"},{"@type":"ListItem","position":3,"name":"Polo Andino Nieve"}]},{"@type":"WebSite","@id":"https:\/\/espaciomacedo.com\/#website","url":"https:\/\/espaciomacedo.com\/","name":"Espacio Macedo","description":"Indumentaria Artesanal Femenina","publisher":{"@id":"https:\/\/espaciomacedo.com\/#organization"},"potentialAction":[{"@type":"SearchAction","target":{"@type":"EntryPoint","urlTemplate":"https:\/\/espaciomacedo.com\/?s={search_term_string}"},"query-input":{"@type":"PropertyValueSpecification","valueRequired":true,"valueName":"search_term_string"}}],"inLanguage":"en-US"},{"@type":"Organization","@id":"https:\/\/espaciomacedo.com\/#organization","name":"Espacio Macedo","url":"https:\/\/espaciomacedo.com\/","logo":{"@type":"ImageObject","inLanguage":"en-US","@id":"https:\/\/espaciomacedo.com\/#\/schema\/logo\/image\/","url":"https:\/\/espaciomacedo.com\/wp-content\/uploads\/2024\/01\/logo-espaciomacedo-02.webp","contentUrl":"https:\/\/espaciomacedo.com\/wp-content\/uploads\/2024\/01\/logo-espaciomacedo-02.webp","width":696,"height":696,"caption":"Espacio Macedo"},"image":{"@id":"https:\/\/espaciomacedo.com\/#\/schema\/logo\/image\/"},"sameAs":["https:\/\/www.facebook.com\/espaciomacedo\/","https:\/\/www.instagram.com\/espacio_macedo\/"]}]}},"_links":{"self":[{"href":"https:\/\/espaciomacedo.com\/en\/wp-json\/wp\/v2\/product\/4758","targetHints":{"allow":["GET"]}}],"collection":[{"href":"https:\/\/espaciomacedo.com\/en\/wp-json\/wp\/v2\/product"}],"about":[{"href":"https:\/\/espaciomacedo.com\/en\/wp-json\/wp\/v2\/types\/product"}],"replies":[{"embeddable":true,"href":"https:\/\/espaciomacedo.com\/en\/wp-json\/wp\/v2\/comments?post=4758"}],"wp:featuredmedia":[{"embeddable":true,"href":"https:\/\/espaciomacedo.com\/en\/wp-json\/wp\/v2\/media\/4749"}],"wp:attachment":[{"href":"https:\/\/espaciomacedo.com\/en\/wp-json\/wp\/v2\/media?parent=4758"}],"wp:term":[{"taxonomy":"product_brand","embeddable":true,"href":"https:\/\/espaciomacedo.com\/en\/wp-json\/wp\/v2\/product_brand?post=4758"},{"taxonomy":"product_cat","embeddable":true,"href":"https:\/\/espaciomacedo.com\/en\/wp-json\/wp\/v2\/product_cat?post=4758"},{"taxonomy":"product_tag","embeddable":true,"href":"https:\/\/espaciomacedo.com\/en\/wp-json\/wp\/v2\/product_tag?post=4758"}],"curies":[{"name":"wp","href":"https:\/\/api.w.org\/{rel}","templated":true}]}}

<h2>Sweater de Lana de Llama: Calidez Ancestral, Diseño Actual</h2>
<p>Envolvéte en la historia y la suavidad de nuestro suéter de pura <b>lana de llama</b>, una fibra noble proveniente de los majestuosos Andes. Cada pieza es el resultado de la destreza y pasión de <b>tejedoras andinas</b>, quienes, con sus manos expertas, transforman un legado ancestral en una prenda contemporánea.</p>
<p>Este suéter no es solo abrigo; es un <b>diseño único</b> que lleva consigo la autenticidad de sus orígenes y el profundo respeto por la naturaleza. Al elegirlo, estás <b>sosteniendo un oficio</b> centenario y contribuyendo directamente al bienestar de las comunidades que mantienen viva esta hermosa tradición artesanal. Más que una prenda, es un abrazo consciente de los Andes para vos.</p>

<p>Sweater de Lana de Llama: Calidez Ancestral, Diseño Actual Envolvéte en la historia y la suavidad de nuestro suéter de pura lana de llama, una fibra noble proveniente de los majestuosos Andes. Cada pieza es el resultado de la destreza y pasión de tejedoras andinas, quienes, con sus manos expertas, transforman un legado ancestral en [&hellip;]</p>

<!-- This site is optimized with the Yoast SEO plugin v27.5 - https://yoast.com/product/yoast-seo-wordpress/ -->
<title>Polo Andino Nieve - Espacio Macedo</title>
<meta name="robots" content="index, follow, max-snippet:-1, max-image-preview:large, max-video-preview:-1" />
<link rel="canonical" href="https://espaciomacedo.com/en/product/sweater-polo-andino-nieve/" />
<meta property="og:locale" content="en_US" />
<meta property="og:type" content="article" />
<meta property="og:title" content="Polo Andino Nieve - Espacio Macedo" />
<meta property="og:description" content="Sweater de Lana de Llama: Calidez Ancestral, Diseño Actual Envolvéte en la historia y la suavidad de nuestro suéter de pura lana de llama, una fibra noble proveniente de los majestuosos Andes. Cada pieza es el resultado de la destreza y pasión de tejedoras andinas, quienes, con sus manos expertas, transforman un legado ancestral en [&hellip;]" />
<meta property="og:url" content="https://espaciomacedo.com/en/product/sweater-polo-andino-nieve/" />
<meta property="og:site_name" content="Espacio Macedo" />
<meta property="article:publisher" content="https://www.facebook.com/espaciomacedo/" />
<meta property="article:modified_time" content="2026-03-03T13:01:13+00:00" />
<meta property="og:image" content="https://espaciomacedo.com/wp-content/uploads/2025/06/IMG_0819.jpeg" />
	<meta property="og:image:width" content="1080" />
	<meta property="og:image:height" content="1440" />
	<meta property="og:image:type" content="image/jpeg" />
<meta name="twitter:card" content="summary_large_image" />
<script type="application/ld+json" class="yoast-schema-graph">{"@context":"https:\/\/schema.org","@graph":[{"@type":"WebPage","@id":"https:\/\/espaciomacedo.com\/producto\/sweater-polo-andino-nieve\/","url":"https:\/\/espaciomacedo.com\/producto\/sweater-polo-andino-nieve\/","name":"Polo Andino Nieve - Espacio Macedo","isPartOf":{"@id":"https:\/\/espaciomacedo.com\/#website"},"primaryImageOfPage":{"@id":"https:\/\/espaciomacedo.com\/producto\/sweater-polo-andino-nieve\/#primaryimage"},"image":{"@id":"https:\/\/espaciomacedo.com\/producto\/sweater-polo-andino-nieve\/#primaryimage"},"thumbnailUrl":"https:\/\/espaciomacedo.com\/wp-content\/uploads\/2025\/06\/IMG_0819.jpeg","datePublished":"2025-06-30T16:27:30+00:00","dateModified":"2026-03-03T13:01:13+00:00","breadcrumb":{"@id":"https:\/\/espaciomacedo.com\/producto\/sweater-polo-andino-nieve\/#breadcrumb"},"inLanguage":"en-US","potentialAction":[{"@type":"ReadAction","target":["https:\/\/espaciomacedo.com\/producto\/sweater-polo-andino-nieve\/"]}]},{"@type":"ImageObject","inLanguage":"en-US","@id":"https:\/\/espaciomacedo.com\/producto\/sweater-polo-andino-nieve\/#primaryimage","url":"https:\/\/espaciomacedo.com\/wp-content\/uploads\/2025\/06\/IMG_0819.jpeg","contentUrl":"https:\/\/espaciomacedo.com\/wp-content\/uploads\/2025\/06\/IMG_0819.jpeg","width":1080,"height":1440},{"@type":"BreadcrumbList","@id":"https:\/\/espaciomacedo.com\/producto\/sweater-polo-andino-nieve\/#breadcrumb","itemListElement":[{"@type":"ListItem","position":1,"name":"Portada","item":"https:\/\/espaciomacedo.com\/"},{"@type":"ListItem","position":2,"name":"Tienda","item":"https:\/\/espaciomacedo.com\/tienda\/"},{"@type":"ListItem","position":3,"name":"Polo Andino Nieve"}]},{"@type":"WebSite","@id":"https:\/\/espaciomacedo.com\/#website","url":"https:\/\/espaciomacedo.com\/","name":"Espacio Macedo","description":"Indumentaria Artesanal Femenina","publisher":{"@id":"https:\/\/espaciomacedo.com\/#organization"},"potentialAction":[{"@type":"SearchAction","target":{"@type":"EntryPoint","urlTemplate":"https:\/\/espaciomacedo.com\/?s={search_term_string}"},"query-input":{"@type":"PropertyValueSpecification","valueRequired":true,"valueName":"search_term_string"}}],"inLanguage":"en-US"},{"@type":"Organization","@id":"https:\/\/espaciomacedo.com\/#organization","name":"Espacio Macedo","url":"https:\/\/espaciomacedo.com\/","logo":{"@type":"ImageObject","inLanguage":"en-US","@id":"https:\/\/espaciomacedo.com\/#\/schema\/logo\/image\/","url":"https:\/\/espaciomacedo.com\/wp-content\/uploads\/2024\/01\/logo-espaciomacedo-02.webp","contentUrl":"https:\/\/espaciomacedo.com\/wp-content\/uploads\/2024\/01\/logo-espaciomacedo-02.webp","width":696,"height":696,"caption":"Espacio Macedo"},"image":{"@id":"https:\/\/espaciomacedo.com\/#\/schema\/logo\/image\/"},"sameAs":["https:\/\/www.facebook.com\/espaciomacedo\/","https:\/\/www.instagram.com\/espacio_macedo\/"]}]}</script>
<!-- / Yoast SEO plugin. -->

Sweater de Lana de Llama: Calidez Ancestral, Diseño Actual Envolvéte en la historia y la suavidad de nuestro suéter de pura lana de llama, una fibra noble proveniente de los majestuosos Andes. Cada pieza es el resultado de la destreza y pasión de tejedoras andinas, quienes, con sus manos expertas, transforman un legado ancestral en [&hellip;]
