{"id":4252,"date":"2024-06-28T13:10:57","date_gmt":"2024-06-28T16:10:57","guid":{"rendered":"https:\/\/espaciomacedo.com\/?post_type=product&#038;p=4252"},"modified":"2026-01-14T15:46:59","modified_gmt":"2026-01-14T18:46:59","slug":"sw-cosmos-coleccion-andes","status":"publish","type":"product","link":"https:\/\/espaciomacedo.com\/en\/product\/sw-cosmos-coleccion-andes\/","title":{"rendered":"SW Cosmos- Colecci\u00f3n Andes"},"content":{"rendered":"<div class=\"elementor-element elementor-element-49a88af elementor-widget elementor-widget-woocommerce-product-content\" data-id=\"49a88af\" data-element_type=\"widget\" data-widget_type=\"woocommerce-product-content.default\">\n<div class=\"elementor-widget-container\">\n<p>Tejido en pura lana de llama por tejedoras andinas de nuestro pa\u00eds.<\/p>\n<p>Dise\u00f1o \u00fanico de Espacio Macedo, para nuestra Colecci\u00f3n Andes.<\/p>\n<p>Medidas de Juli para tomar como referencia;<\/p>\n<p>Altura: 1,77<\/p>\n<p>Busto: 85<\/p>\n<p>Cintura: 67<\/p>\n<p>Cadera: 98<\/p>\n<\/div>\n<\/div>\n<div class=\"elementor-element elementor-element-d22278d elementor-add-to-cart--layout-stacked elementor-widget elementor-widget-woocommerce-product-add-to-cart\" data-id=\"d22278d\" data-element_type=\"widget\" data-widget_type=\"woocommerce-product-add-to-cart.default\">\n<div class=\"elementor-widget-container\">\n<div class=\"elementor-add-to-cart elementor-product-simple\">\n<form class=\"cart\" action=\"https:\/\/espaciomacedo.com\/en\/product\/sweater-cosmos-3\/\" enctype=\"multipart\/form-data\" method=\"post\" data-trp-original-action=\"https:\/\/espaciomacedo.com\/producto\/sweater-cosmos-3\/\">\n<div class=\"e-atc-qty-button-holder\">Se realizan a pedido con tus medidas y talles . Tiempo de demora 15 dias PRECIO PRE ORDER 10 % de descuento sobre el precio de lista<\/div>\n<input type=\"hidden\" name=\"trp-form-language\" value=\"en\"\/><\/form>\n<\/div>\n<\/div>\n<\/div>","protected":false},"excerpt":{"rendered":"<p>Tejido en pura lana de llama por tejedoras andinas de nuestro pa\u00eds. Dise\u00f1o \u00fanico de Espacio Macedo, para nuestra Colecci\u00f3n Andes. Medidas de Juli para tomar como referencia; Altura: 1,77 Busto: 85 Cintura: 67 Cadera: 98 Se realizan a pedido con tus medidas y talles . Tiempo de demora 15 dias PRECIO PRE ORDER 10 [&hellip;]<\/p>\n","protected":false},"featured_media":4253,"comment_status":"closed","ping_status":"closed","template":"","meta":[],"product_brand":[],"product_cat":[26,24],"product_tag":[],"class_list":{"0":"post-4252","1":"product","2":"type-product","3":"status-publish","4":"has-post-thumbnail","6":"product_cat-lana","7":"product_cat-todos","9":"first","10":"onbackorder","11":"sold-individually","12":"taxable","13":"shipping-taxable","14":"product-type-simple"},"yoast_head":"<!-- This site is optimized with the Yoast SEO plugin v27.5 - https:\/\/yoast.com\/product\/yoast-seo-wordpress\/ -->\n<title>SW Cosmos- Colecci\u00f3n Andes - Espacio Macedo<\/title>\n<meta name=\"robots\" content=\"index, follow, max-snippet:-1, max-image-preview:large, max-video-preview:-1\" \/>\n<link rel=\"canonical\" href=\"https:\/\/espaciomacedo.com\/en\/product\/sw-cosmos-coleccion-andes\/\" \/>\n<meta property=\"og:locale\" content=\"en_US\" \/>\n<meta property=\"og:type\" content=\"article\" \/>\n<meta property=\"og:title\" content=\"SW Cosmos- Colecci\u00f3n Andes - Espacio Macedo\" \/>\n<meta property=\"og:description\" content=\"Tejido en pura lana de llama por tejedoras andinas de nuestro pa\u00eds. Dise\u00f1o \u00fanico de Espacio Macedo, para nuestra Colecci\u00f3n Andes. Medidas de Juli para tomar como referencia; Altura: 1,77 Busto: 85 Cintura: 67 Cadera: 98 Se realizan a pedido con tus medidas y talles . Tiempo de demora 15 dias PRECIO PRE ORDER 10 [&hellip;]\" \/>\n<meta property=\"og:url\" content=\"https:\/\/espaciomacedo.com\/en\/product\/sw-cosmos-coleccion-andes\/\" \/>\n<meta property=\"og:site_name\" content=\"Espacio Macedo\" \/>\n<meta property=\"article:publisher\" content=\"https:\/\/www.facebook.com\/espaciomacedo\/\" \/>\n<meta property=\"article:modified_time\" content=\"2026-01-14T18:46:59+00:00\" \/>\n<meta property=\"og:image\" content=\"https:\/\/espaciomacedo.com\/wp-content\/uploads\/2024\/06\/Paula_130.jpg\" \/>\n\t<meta property=\"og:image:width\" content=\"960\" \/>\n\t<meta property=\"og:image:height\" content=\"1440\" \/>\n\t<meta property=\"og:image:type\" content=\"image\/jpeg\" \/>\n<meta name=\"twitter:card\" content=\"summary_large_image\" \/>\n<script type=\"application\/ld+json\" class=\"yoast-schema-graph\">{\"@context\":\"https:\\\/\\\/schema.org\",\"@graph\":[{\"@type\":\"WebPage\",\"@id\":\"https:\\\/\\\/espaciomacedo.com\\\/producto\\\/sw-cosmos-coleccion-andes\\\/\",\"url\":\"https:\\\/\\\/espaciomacedo.com\\\/producto\\\/sw-cosmos-coleccion-andes\\\/\",\"name\":\"SW Cosmos- Colecci\u00f3n Andes - Espacio Macedo\",\"isPartOf\":{\"@id\":\"https:\\\/\\\/espaciomacedo.com\\\/#website\"},\"primaryImageOfPage\":{\"@id\":\"https:\\\/\\\/espaciomacedo.com\\\/producto\\\/sw-cosmos-coleccion-andes\\\/#primaryimage\"},\"image\":{\"@id\":\"https:\\\/\\\/espaciomacedo.com\\\/producto\\\/sw-cosmos-coleccion-andes\\\/#primaryimage\"},\"thumbnailUrl\":\"https:\\\/\\\/espaciomacedo.com\\\/wp-content\\\/uploads\\\/2024\\\/06\\\/Paula_130.jpg\",\"datePublished\":\"2024-06-28T16:10:57+00:00\",\"dateModified\":\"2026-01-14T18:46:59+00:00\",\"breadcrumb\":{\"@id\":\"https:\\\/\\\/espaciomacedo.com\\\/producto\\\/sw-cosmos-coleccion-andes\\\/#breadcrumb\"},\"inLanguage\":\"en-US\",\"potentialAction\":[{\"@type\":\"ReadAction\",\"target\":[\"https:\\\/\\\/espaciomacedo.com\\\/producto\\\/sw-cosmos-coleccion-andes\\\/\"]}]},{\"@type\":\"ImageObject\",\"inLanguage\":\"en-US\",\"@id\":\"https:\\\/\\\/espaciomacedo.com\\\/producto\\\/sw-cosmos-coleccion-andes\\\/#primaryimage\",\"url\":\"https:\\\/\\\/espaciomacedo.com\\\/wp-content\\\/uploads\\\/2024\\\/06\\\/Paula_130.jpg\",\"contentUrl\":\"https:\\\/\\\/espaciomacedo.com\\\/wp-content\\\/uploads\\\/2024\\\/06\\\/Paula_130.jpg\",\"width\":960,\"height\":1440},{\"@type\":\"BreadcrumbList\",\"@id\":\"https:\\\/\\\/espaciomacedo.com\\\/producto\\\/sw-cosmos-coleccion-andes\\\/#breadcrumb\",\"itemListElement\":[{\"@type\":\"ListItem\",\"position\":1,\"name\":\"Portada\",\"item\":\"https:\\\/\\\/espaciomacedo.com\\\/\"},{\"@type\":\"ListItem\",\"position\":2,\"name\":\"Tienda\",\"item\":\"https:\\\/\\\/espaciomacedo.com\\\/tienda\\\/\"},{\"@type\":\"ListItem\",\"position\":3,\"name\":\"SW Cosmos- Colecci\u00f3n Andes\"}]},{\"@type\":\"WebSite\",\"@id\":\"https:\\\/\\\/espaciomacedo.com\\\/#website\",\"url\":\"https:\\\/\\\/espaciomacedo.com\\\/\",\"name\":\"Espacio Macedo\",\"description\":\"Indumentaria Artesanal Femenina\",\"publisher\":{\"@id\":\"https:\\\/\\\/espaciomacedo.com\\\/#organization\"},\"potentialAction\":[{\"@type\":\"SearchAction\",\"target\":{\"@type\":\"EntryPoint\",\"urlTemplate\":\"https:\\\/\\\/espaciomacedo.com\\\/?s={search_term_string}\"},\"query-input\":{\"@type\":\"PropertyValueSpecification\",\"valueRequired\":true,\"valueName\":\"search_term_string\"}}],\"inLanguage\":\"en-US\"},{\"@type\":\"Organization\",\"@id\":\"https:\\\/\\\/espaciomacedo.com\\\/#organization\",\"name\":\"Espacio Macedo\",\"url\":\"https:\\\/\\\/espaciomacedo.com\\\/\",\"logo\":{\"@type\":\"ImageObject\",\"inLanguage\":\"en-US\",\"@id\":\"https:\\\/\\\/espaciomacedo.com\\\/#\\\/schema\\\/logo\\\/image\\\/\",\"url\":\"https:\\\/\\\/espaciomacedo.com\\\/wp-content\\\/uploads\\\/2024\\\/01\\\/logo-espaciomacedo-02.webp\",\"contentUrl\":\"https:\\\/\\\/espaciomacedo.com\\\/wp-content\\\/uploads\\\/2024\\\/01\\\/logo-espaciomacedo-02.webp\",\"width\":696,\"height\":696,\"caption\":\"Espacio Macedo\"},\"image\":{\"@id\":\"https:\\\/\\\/espaciomacedo.com\\\/#\\\/schema\\\/logo\\\/image\\\/\"},\"sameAs\":[\"https:\\\/\\\/www.facebook.com\\\/espaciomacedo\\\/\",\"https:\\\/\\\/www.instagram.com\\\/espacio_macedo\\\/\"]}]}<\/script>\n<!-- \/ Yoast SEO plugin. -->","yoast_head_json":{"title":"SW Cosmos- Colecci\u00f3n Andes - Espacio Macedo","robots":{"index":"index","follow":"follow","max-snippet":"max-snippet:-1","max-image-preview":"max-image-preview:large","max-video-preview":"max-video-preview:-1"},"canonical":"https:\/\/espaciomacedo.com\/en\/product\/sw-cosmos-coleccion-andes\/","og_locale":"en_US","og_type":"article","og_title":"SW Cosmos- Colecci\u00f3n Andes - Espacio Macedo","og_description":"Tejido en pura lana de llama por tejedoras andinas de nuestro pa\u00eds. Dise\u00f1o \u00fanico de Espacio Macedo, para nuestra Colecci\u00f3n Andes. Medidas de Juli para tomar como referencia; Altura: 1,77 Busto: 85 Cintura: 67 Cadera: 98 Se realizan a pedido con tus medidas y talles . Tiempo de demora 15 dias PRECIO PRE ORDER 10 [&hellip;]","og_url":"https:\/\/espaciomacedo.com\/en\/product\/sw-cosmos-coleccion-andes\/","og_site_name":"Espacio Macedo","article_publisher":"https:\/\/www.facebook.com\/espaciomacedo\/","article_modified_time":"2026-01-14T18:46:59+00:00","og_image":[{"width":960,"height":1440,"url":"https:\/\/espaciomacedo.com\/wp-content\/uploads\/2024\/06\/Paula_130.jpg","type":"image\/jpeg"}],"twitter_card":"summary_large_image","schema":{"@context":"https:\/\/schema.org","@graph":[{"@type":"WebPage","@id":"https:\/\/espaciomacedo.com\/producto\/sw-cosmos-coleccion-andes\/","url":"https:\/\/espaciomacedo.com\/producto\/sw-cosmos-coleccion-andes\/","name":"SW Cosmos- Colecci\u00f3n Andes - Espacio Macedo","isPartOf":{"@id":"https:\/\/espaciomacedo.com\/#website"},"primaryImageOfPage":{"@id":"https:\/\/espaciomacedo.com\/producto\/sw-cosmos-coleccion-andes\/#primaryimage"},"image":{"@id":"https:\/\/espaciomacedo.com\/producto\/sw-cosmos-coleccion-andes\/#primaryimage"},"thumbnailUrl":"https:\/\/espaciomacedo.com\/wp-content\/uploads\/2024\/06\/Paula_130.jpg","datePublished":"2024-06-28T16:10:57+00:00","dateModified":"2026-01-14T18:46:59+00:00","breadcrumb":{"@id":"https:\/\/espaciomacedo.com\/producto\/sw-cosmos-coleccion-andes\/#breadcrumb"},"inLanguage":"en-US","potentialAction":[{"@type":"ReadAction","target":["https:\/\/espaciomacedo.com\/producto\/sw-cosmos-coleccion-andes\/"]}]},{"@type":"ImageObject","inLanguage":"en-US","@id":"https:\/\/espaciomacedo.com\/producto\/sw-cosmos-coleccion-andes\/#primaryimage","url":"https:\/\/espaciomacedo.com\/wp-content\/uploads\/2024\/06\/Paula_130.jpg","contentUrl":"https:\/\/espaciomacedo.com\/wp-content\/uploads\/2024\/06\/Paula_130.jpg","width":960,"height":1440},{"@type":"BreadcrumbList","@id":"https:\/\/espaciomacedo.com\/producto\/sw-cosmos-coleccion-andes\/#breadcrumb","itemListElement":[{"@type":"ListItem","position":1,"name":"Portada","item":"https:\/\/espaciomacedo.com\/"},{"@type":"ListItem","position":2,"name":"Tienda","item":"https:\/\/espaciomacedo.com\/tienda\/"},{"@type":"ListItem","position":3,"name":"SW Cosmos- Colecci\u00f3n Andes"}]},{"@type":"WebSite","@id":"https:\/\/espaciomacedo.com\/#website","url":"https:\/\/espaciomacedo.com\/","name":"Espacio Macedo","description":"Indumentaria Artesanal Femenina","publisher":{"@id":"https:\/\/espaciomacedo.com\/#organization"},"potentialAction":[{"@type":"SearchAction","target":{"@type":"EntryPoint","urlTemplate":"https:\/\/espaciomacedo.com\/?s={search_term_string}"},"query-input":{"@type":"PropertyValueSpecification","valueRequired":true,"valueName":"search_term_string"}}],"inLanguage":"en-US"},{"@type":"Organization","@id":"https:\/\/espaciomacedo.com\/#organization","name":"Espacio Macedo","url":"https:\/\/espaciomacedo.com\/","logo":{"@type":"ImageObject","inLanguage":"en-US","@id":"https:\/\/espaciomacedo.com\/#\/schema\/logo\/image\/","url":"https:\/\/espaciomacedo.com\/wp-content\/uploads\/2024\/01\/logo-espaciomacedo-02.webp","contentUrl":"https:\/\/espaciomacedo.com\/wp-content\/uploads\/2024\/01\/logo-espaciomacedo-02.webp","width":696,"height":696,"caption":"Espacio Macedo"},"image":{"@id":"https:\/\/espaciomacedo.com\/#\/schema\/logo\/image\/"},"sameAs":["https:\/\/www.facebook.com\/espaciomacedo\/","https:\/\/www.instagram.com\/espacio_macedo\/"]}]}},"_links":{"self":[{"href":"https:\/\/espaciomacedo.com\/en\/wp-json\/wp\/v2\/product\/4252","targetHints":{"allow":["GET"]}}],"collection":[{"href":"https:\/\/espaciomacedo.com\/en\/wp-json\/wp\/v2\/product"}],"about":[{"href":"https:\/\/espaciomacedo.com\/en\/wp-json\/wp\/v2\/types\/product"}],"replies":[{"embeddable":true,"href":"https:\/\/espaciomacedo.com\/en\/wp-json\/wp\/v2\/comments?post=4252"}],"wp:featuredmedia":[{"embeddable":true,"href":"https:\/\/espaciomacedo.com\/en\/wp-json\/wp\/v2\/media\/4253"}],"wp:attachment":[{"href":"https:\/\/espaciomacedo.com\/en\/wp-json\/wp\/v2\/media?parent=4252"}],"wp:term":[{"taxonomy":"product_brand","embeddable":true,"href":"https:\/\/espaciomacedo.com\/en\/wp-json\/wp\/v2\/product_brand?post=4252"},{"taxonomy":"product_cat","embeddable":true,"href":"https:\/\/espaciomacedo.com\/en\/wp-json\/wp\/v2\/product_cat?post=4252"},{"taxonomy":"product_tag","embeddable":true,"href":"https:\/\/espaciomacedo.com\/en\/wp-json\/wp\/v2\/product_tag?post=4252"}],"curies":[{"name":"wp","href":"https:\/\/api.w.org\/{rel}","templated":true}]}}

SW Cosmos- Colección Andes

<div class="elementor-element elementor-element-49a88af elementor-widget elementor-widget-woocommerce-product-content" data-id="49a88af" data-element_type="widget" data-widget_type="woocommerce-product-content.default">
<div class="elementor-widget-container">
<p>Tejido en pura lana de llama por tejedoras andinas de nuestro país.</p>
<p>Diseño único de Espacio Macedo, para nuestra Colección Andes.</p>
<p>Medidas de Juli para tomar como referencia;</p>
<p>Altura: 1,77</p>
<p>Busto: 85</p>
<p>Cintura: 67</p>
<p>Cadera: 98</p>
</div>
</div>
<div class="elementor-element elementor-element-d22278d elementor-add-to-cart--layout-stacked elementor-widget elementor-widget-woocommerce-product-add-to-cart" data-id="d22278d" data-element_type="widget" data-widget_type="woocommerce-product-add-to-cart.default">
<div class="elementor-widget-container">
<div class="elementor-add-to-cart elementor-product-simple">
<form class="cart" action="https://espaciomacedo.com/en/product/sweater-cosmos-3/" enctype="multipart/form-data" method="post" data-trp-original-action="https://espaciomacedo.com/producto/sweater-cosmos-3/">
<div class="e-atc-qty-button-holder">Se realizan a pedido con tus medidas y talles . Tiempo de demora 15 dias PRECIO PRE ORDER 10 % de descuento sobre el precio de lista</div>
<input type="hidden" name="trp-form-language" value="en"/></form>
</div>
</div>
</div>

<p>Tejido en pura lana de llama por tejedoras andinas de nuestro país. Diseño único de Espacio Macedo, para nuestra Colección Andes. Medidas de Juli para tomar como referencia; Altura: 1,77 Busto: 85 Cintura: 67 Cadera: 98 Se realizan a pedido con tus medidas y talles . Tiempo de demora 15 dias PRECIO PRE ORDER 10 [&hellip;]</p>

<!-- This site is optimized with the Yoast SEO plugin v27.5 - https://yoast.com/product/yoast-seo-wordpress/ -->
<title>SW Cosmos- Colección Andes - Espacio Macedo</title>
<meta name="robots" content="index, follow, max-snippet:-1, max-image-preview:large, max-video-preview:-1" />
<link rel="canonical" href="https://espaciomacedo.com/en/product/sw-cosmos-coleccion-andes/" />
<meta property="og:locale" content="en_US" />
<meta property="og:type" content="article" />
<meta property="og:title" content="SW Cosmos- Colección Andes - Espacio Macedo" />
<meta property="og:description" content="Tejido en pura lana de llama por tejedoras andinas de nuestro país. Diseño único de Espacio Macedo, para nuestra Colección Andes. Medidas de Juli para tomar como referencia; Altura: 1,77 Busto: 85 Cintura: 67 Cadera: 98 Se realizan a pedido con tus medidas y talles . Tiempo de demora 15 dias PRECIO PRE ORDER 10 [&hellip;]" />
<meta property="og:url" content="https://espaciomacedo.com/en/product/sw-cosmos-coleccion-andes/" />
<meta property="og:site_name" content="Espacio Macedo" />
<meta property="article:publisher" content="https://www.facebook.com/espaciomacedo/" />
<meta property="article:modified_time" content="2026-01-14T18:46:59+00:00" />
<meta property="og:image" content="https://espaciomacedo.com/wp-content/uploads/2024/06/Paula_130.jpg" />
	<meta property="og:image:width" content="960" />
	<meta property="og:image:height" content="1440" />
	<meta property="og:image:type" content="image/jpeg" />
<meta name="twitter:card" content="summary_large_image" />
<script type="application/ld+json" class="yoast-schema-graph">{"@context":"https:\/\/schema.org","@graph":[{"@type":"WebPage","@id":"https:\/\/espaciomacedo.com\/producto\/sw-cosmos-coleccion-andes\/","url":"https:\/\/espaciomacedo.com\/producto\/sw-cosmos-coleccion-andes\/","name":"SW Cosmos- Colección Andes - Espacio Macedo","isPartOf":{"@id":"https:\/\/espaciomacedo.com\/#website"},"primaryImageOfPage":{"@id":"https:\/\/espaciomacedo.com\/producto\/sw-cosmos-coleccion-andes\/#primaryimage"},"image":{"@id":"https:\/\/espaciomacedo.com\/producto\/sw-cosmos-coleccion-andes\/#primaryimage"},"thumbnailUrl":"https:\/\/espaciomacedo.com\/wp-content\/uploads\/2024\/06\/Paula_130.jpg","datePublished":"2024-06-28T16:10:57+00:00","dateModified":"2026-01-14T18:46:59+00:00","breadcrumb":{"@id":"https:\/\/espaciomacedo.com\/producto\/sw-cosmos-coleccion-andes\/#breadcrumb"},"inLanguage":"en-US","potentialAction":[{"@type":"ReadAction","target":["https:\/\/espaciomacedo.com\/producto\/sw-cosmos-coleccion-andes\/"]}]},{"@type":"ImageObject","inLanguage":"en-US","@id":"https:\/\/espaciomacedo.com\/producto\/sw-cosmos-coleccion-andes\/#primaryimage","url":"https:\/\/espaciomacedo.com\/wp-content\/uploads\/2024\/06\/Paula_130.jpg","contentUrl":"https:\/\/espaciomacedo.com\/wp-content\/uploads\/2024\/06\/Paula_130.jpg","width":960,"height":1440},{"@type":"BreadcrumbList","@id":"https:\/\/espaciomacedo.com\/producto\/sw-cosmos-coleccion-andes\/#breadcrumb","itemListElement":[{"@type":"ListItem","position":1,"name":"Portada","item":"https:\/\/espaciomacedo.com\/"},{"@type":"ListItem","position":2,"name":"Tienda","item":"https:\/\/espaciomacedo.com\/tienda\/"},{"@type":"ListItem","position":3,"name":"SW Cosmos- Colección Andes"}]},{"@type":"WebSite","@id":"https:\/\/espaciomacedo.com\/#website","url":"https:\/\/espaciomacedo.com\/","name":"Espacio Macedo","description":"Indumentaria Artesanal Femenina","publisher":{"@id":"https:\/\/espaciomacedo.com\/#organization"},"potentialAction":[{"@type":"SearchAction","target":{"@type":"EntryPoint","urlTemplate":"https:\/\/espaciomacedo.com\/?s={search_term_string}"},"query-input":{"@type":"PropertyValueSpecification","valueRequired":true,"valueName":"search_term_string"}}],"inLanguage":"en-US"},{"@type":"Organization","@id":"https:\/\/espaciomacedo.com\/#organization","name":"Espacio Macedo","url":"https:\/\/espaciomacedo.com\/","logo":{"@type":"ImageObject","inLanguage":"en-US","@id":"https:\/\/espaciomacedo.com\/#\/schema\/logo\/image\/","url":"https:\/\/espaciomacedo.com\/wp-content\/uploads\/2024\/01\/logo-espaciomacedo-02.webp","contentUrl":"https:\/\/espaciomacedo.com\/wp-content\/uploads\/2024\/01\/logo-espaciomacedo-02.webp","width":696,"height":696,"caption":"Espacio Macedo"},"image":{"@id":"https:\/\/espaciomacedo.com\/#\/schema\/logo\/image\/"},"sameAs":["https:\/\/www.facebook.com\/espaciomacedo\/","https:\/\/www.instagram.com\/espacio_macedo\/"]}]}</script>
<!-- / Yoast SEO plugin. -->

SW Cosmos- Colección Andes - Espacio Macedo

Tejido en pura lana de llama por tejedoras andinas de nuestro país. Diseño único de Espacio Macedo, para nuestra Colección Andes. Medidas de Juli para tomar como referencia; Altura: 1,77 Busto: 85 Cintura: 67 Cadera: 98 Se realizan a pedido con tus medidas y talles . Tiempo de demora 15 dias PRECIO PRE ORDER 10 [&hellip;]
